((-493)/(-957) - (-8)/(-44))/((-2)/(-12)).
1
Suppose -968 = -13*b - 2*u, 10*b - 15*b + 2*u = -364. What is the remainder when 296 is divided by b?
0
Let v = 249 + -192. Calculate the remainder when v is divided by 31.
26
Suppose 5*a - 70 = -5*a. Let y be (-6)/2 - (2 - 30). Calculate the remainder when 410/y - (-2)/(-5) is divided by a.
2
Let t = -490 - -530. What is the remainder when 13 is divided by 3 + 1 + 10*(-8)/t?
1
Let v(b) = -b**2 - 7*b - 4. Let z be v(-5). Suppose -i + 3 = 0, -2*p + z*i - 10*i = -42. Calculate the remainder when 71 is divided by p.
11
Let r(o) = 2*o**2 + 8*o - 17. Let m be r(2). Let g(b) = -b**2 + 6*b + 1. Calculate the remainder when (5/m)/(7/49) + -4 is divided by g(6).
0
Suppose 42*r - 485 = 865 + 204. What is the remainder when 1180 is divided by r?
33
Let f(i) = 2*i**3 - 138*i**2 + 10*i - 52. Calculate the remainder when f(69) is divided by 133.
106
What is the remainder when 34483 is divided by ((-410)/(-615))/(((-40)/516)/(-5))?
40
Let g be -56*10/(-15)*-3 - -2. Let c = 291 + g. Calculate the remainder when c is divided by 23.
20
Let m(h) = -11*h + 4. Let a be m(8). Calculate the remainder when 45 is divided by (-1 - 0)/(343/a + 4).
9
What is the remainder when 2/17 - 26453466/(-8058) is divided by 219?
217
Suppose -2 = -m + 2. Suppose -4*g = 5*t - 28, -g + m*g = -2*t + 14. Suppose 2*h - t = h. What is the remainder when 14 is divided by h?
2
Let c(m) = m**3 + 115*m**2 + 229*m + 386. Calculate the remainder when 1549 is divided by c(-113).
45
Suppose 103*r - 2*w = 106*r - 79, 0 = 2*r - 2*w - 76. What is the remainder when (4 - 0)*150/4 is divided by r?
26
Let u = -26 - -47. Let v be -187*((4 - 6) + 1). Let y = v + -104. Calculate the remainder when y is divided by u.
20
Let j be (24/24)/(2/4). Suppose -j*r - 5*v = -6 - 5, 4*r - 5*v = 97. Calculate the remainder when 88 is divided by r.
16
Let t = -41 - -136. Let r = 31569 - 31552. Calculate the remainder when t is divided by r.
10
Calculate the remainder when 11/((-66)/(-8526)) - -10 is divided by 18.
9
Let p(y) = 2*y**2 - 17*y + 24. Calculate the remainder when 155 is divided by p(8).
11
Suppose 4*y = y + 156. Suppose -5*f + 40 = -c, 15 = 2*c + c. Calculate the remainder when y is divided by 0 + 17 + -1 + (f - 11).
10
Let h = 30 - 17. Let m(t) = 8*t**2 - 11*t + 49. What is the remainder when m(-3) is divided by h?
11
Suppose 2*i = -7*z + 2*z + 11, -5*z - 5*i + 20 = 0. Suppose -6*a = 2*a + 32. Calculate the remainder when (0 - a)*(z + 39/12) is divided by 7.
3
Suppose -2*t + 5*y = -262, -2*t - 3*y + 226 = y. Let p = -58 + t. What is the remainder when 251 is divided by p?
62
Suppose -2*s - n + 5 = 0, -3*n - 15 = 5*s - 6*n. What is the remainder when 66 - 4/1 - (-26 + 18) is divided by -12*(s - 0 - 1)?
10
Suppose 0*s = -s + 4, 3*s = -l + 18. Let o = 19 - l. Calculate the remainder when (-2 - o/2)*-2 is divided by 4.
1
Suppose -445*v + 6 = -444*v. What is the remainder when 2375 is divided by v?
5
Let f(i) = 2*i**3 - 3*i**2 + i - 12. Let q be f(3). Suppose -195 = q*g - 23*g. What is the remainder when g is divided by 14?
11
Suppose -33*d = -39*d - 204. Let g = d + 46. Calculate the remainder when 52 is divided by g.
4
Let s be (-88)/154 - 90/14. Let i = 41 - s. Calculate the remainder when 91 is divided by i.
43
Let i(v) = -v**2 - v. Let t be i(1). Let w be (1 + 23)*1/t. Calculate the remainder when 11 is divided by w/(-2 - -6) + 8.
1
What is the remainder when 293 is divided by (-289)/(-4) - 17/((-1224)/126)?
71
Let b(a) = 30*a + 496. Suppose -97 = -7*l + 3*l - 5*p, -p - 143 = -5*l. Calculate the remainder when b(-13) is divided by l.
22
Suppose 0 = -3*r - 2*r + 3*j + 15, -r - 2*j = -3. Suppose 3*i + 32 = r*p + 2, 2*i = 3*p - 34. Let m = 23 + 14. Calculate the remainder when m is divided by p.
9
Let f be ((-45)/6 - -1)/((-1)/90). Let h = 614 - f. What is the remainder when 141 is divided by h?
25
Let f(p) = 98*p**2 + 60*p - 81. What is the remainder when f(5) is divided by 11?
7
Suppose 2*d + 1423 = 3*f, 300*d - 297*d = 5*f - 2371. Calculate the remainder when f is divided by 19.
17
Suppose -3*v = -510*u + 506*u - 169, 0 = 5*u + 20. Suppose -n + 10 = 4*n. Suppose n*p = -p + 78. Calculate the remainder when v is divided by p.
25
Let o be 24*(3 - 6)/(-3). What is the remainder when 4/1 - (4 + -6) is divided by (4 + (-16)/o)/((-4)/(-6))?
1
Let g = 236 - 74. Suppose -9*n + 6*n + g = 0. Calculate the remainder when n is divided by 10.
4
Let g(n) = -n**3 + 16*n + 97. Suppose -13*x = u - 8*x, 0 = -2*u - 5*x - 5. What is the remainder when g(u) is divided by 21?
16
Let c(z) = -43*z - 2085. Calculate the remainder when c(-54) is divided by 87.
63
Let q be (1/(-2))/((3 - 5)/(-208)). Let v be 71 - (2 - (8 - 3)). Let u = q + v. Calculate the remainder when 42 is divided by u.
20
Let y(g) = 11*g + 1128. Let a be y(0). Suppose 0 = -9*r + 17*r - a. What is the remainder when r is divided by 24?
21
What is the remainder when (-875420)/(-350) - (-8)/10 is divided by 132?
126
Let x(r) = -r**2 - 6*r + 5. Calculate the remainder when ((-36)/(-7))/((-104)/(-728)) is divided by x(-4).
10
Let s = 144035 - 144022. Calculate the remainder when 4/(4/39) - -1 is divided by s.
1
Let f be -4 - -8 - 1*11. Let x be (-33)/f - 4/(-14). Suppose 0 = -x*i + 2*z + 199, 4*z = 9 + 3. What is the remainder when i is divided by 11?
8
Let z = -4453 - -4550. Calculate the remainder when 578 is divided by z.
93
Suppose 82*h = 87*h - 5*o - 295, 285 = 4*h + 3*o. What is the remainder when 1117 is divided by h?
61
Let k be (-25)/(5/(4 + -9)). Suppose k = 5*n, 0*l + 5*n - 65 = -5*l. Suppose -2 = 2*m + l, a - 35 = 4*m. What is the remainder when 54 is divided by a?
9
Let p be (-247 + 4)/(-3) - (4 - 1). Calculate the remainder when 130 is divided by (11/3)/(26/p).
9
Suppose -t = 3*t. Suppose 5*q = 4*a - 138, 19*a - q = 22*a - 94. Suppose 3*o - 90 = 3*p, -o + t*p = -2*p - a. Calculate the remainder when 166 is divided by o.
26
Let p = 3753 - 3413. What is the remainder when p is divided by 31?
30
Calculate the remainder when (-14490)/(-45) - (0 - -1) is divided by 19.
17
Let s(u) = u + 2. Let d(z) = z**2 + 28*z - 44. Let f(g) = -g**2 - g + 1. Let y(h) = d(h) + 2*f(h). What is the remainder when s(4) is divided by y(24)?
0
Let p = -20 + 23. Let r(t) = -7*t - 13 + t**p - 5*t**2 + 18*t**2 - 4*t**2. Calculate the remainder when r(-9) is divided by 26.
24
Suppose -26 - 152 = -4*j - 2*d, 200 = 5*j - 2*d. Calculate the remainder when 177 is divided by j.
9
Suppose 8*l - 9*l - 325 = -4*x, 0 = -5*x - 3*l + 402. Let y = 1 + 0. What is the remainder when x/54*32/6 + 0 is divided by y?
0
Let z = 684 - 636. Let p = 12 + z. What is the remainder when 289 is divided by p?
49
Suppose -4*l = -4*j + 2640, 3*j - 1959 = 28*l - 32*l. Calculate the remainder when j is divided by 174.
135
Let y(j) = -j**2 - 9*j - 25. Let x be y(-4). Suppose 0 = -0*p - 3*p. What is the remainder when 27 is divided by p - (-9)/(-6)*(-7 - x)?
0
Suppose -1835 = -178*p - 259 + 560. Let o = -153 + 215. What is the remainder when o is divided by p?
2
What is the remainder when 802 is divided by 192 - (-88)/(8/1)?
193
Suppose 709*l + 766*l - 4697 = 1414*l. What is the remainder when 1691 is divided by l?
74
Let j(f) be the third derivative of 0*f + 0 - f**2 - 1/24*f**4 + 7/2*f**3. What is the remainder when 66 is divided by j(4)?
15
Let g = 101 - 70. Suppose 532*c = 661*c - 13029. Calculate the remainder when c is divided by g.
8
Suppose -6544 = 25*q - 119*q + 13008. Calculate the remainder when 842 is divided by q.
10
Suppose 3*x - 999 = -5*t, 0 = -956*x + 959*x - t - 999. What is the remainder when x is divided by (-864)/(-33) - 8/44?
21
Suppose -21*h + 17*h = -34 - 30. What is the remainder when 95 is divided by h?
15
Let m(k) = k**2 + 28*k + 150. Let d = -468 - -442. What is the remainder when m(d) is divided by 11?
10
Suppose 0 = -0*m + 10*m - 129 - 2451. What is the remainder when m is divided by 145?
113
Let j be (2/((-6)/5))/(10/(-30)). Suppose -j*m + 16*m - 6578 = 0. Calculate the remainder when m is divided by 60.
58
Let p be (-1191)/(-1 + 1 + -1 - 2). Let l = 485 - p. Calculate the remainder when l is divided by (-23)/(1/(-2 - -1)).
19
Suppose 631*w + 30 = 632*w. Calculate the remainder when 129 is divided by 4/w + (57681/135)/13.
30
Suppose 4